uppose 425 = 5*c + r, 136 + 131 = 3*c + 3*r. What are the prime factors of c/9 + 4/6?
2, 5
Suppose 0 = -0*v - 4*v. Let o = 2 - v. Suppose 15 = 3*t - 5*d, -4*t + 32 = o*d - 14. List the prime factors of t.
2, 5
Let w = 7 + 3. What are the prime factors of w?
2, 5
Suppose 3*w - 4*q = -2*q - 32, 4*w - 3*q + 42 = 0. What are the prime factors of (68/w)/(1/(-3))?
17
Let f(j) = -11*j - 81. What are the prime factors of f(-25)?
2, 97
Suppose 0*n = -n + 1. List the prime factors of (n/2)/(1/34).
17
Let f(g) = -11*g + 22. What are the prime factors of f(-6)?
2, 11
Let f(s) = -s + 1. Let d be f(-2). Suppose -4 - 2 = -d*l. Suppose -l*k + 0*k + 24 = 0. List the prime factors of k.
2, 3
Let l(d) = -6*d + 4. List the prime factors of l(-4).
2, 7
Let d be (48/(-40))/(6/(-320)). Suppose -6*u + 2*u + d = 0. What are the prime factors of u?
2
Suppose 0 = -3*a - 2*q + 11, -3*a + 33 = -q + 7. Let i = 12 - a. Suppose 2*p - i = 1. What are the prime factors of p?
3
Let l be (-6)/(-18) + 26/3. Suppose -y = 3*i - 5 - l, 3*y = 2*i - 2. Let d = i + 4. What are the prime factors of d?
2
Let j(x) = 2*x + 6. Suppose 7 = -a + 3. Let r be j(a). List the prime factors of 2*(-3 - r) - -5.
3
Let g(x) = x**3 - 5*x**2 - 7*x + 9. Let b be g(6). Let t = b + -1. List the prime factors of t.
2
Suppose -z + 5*z = 32. What are the prime factors of z?
2
Let s(c) = -c**3 + c + 1. Let j(g) = 5*g**3 + 12*g**2 - 16*g - 1. Let k(z) = j(z) + 6*s(z). What are the prime factors of k(11)?
2
Suppose -3*c = -x - 10 - 17, 2*x + 5*c = -10. Let i = 3 - x. List the prime factors of i.
2, 3
Suppose -25*a - 1246 = -32*a. List the prime factors of a.
2, 89
Let i = 22 + -18. Suppose -i*s + 0*s + 5*w = 4, 5*s + w - 24 = 0. What are the prime factors of s?
2
Let s(z) = -6*z - 1. Let n be s(-1). Let j be 26/n - (-1)/(-5). Suppose x + 2 - j = 0. List the prime factors of x.
3
Suppose 0 = -19*s + 21*s - 14. List the prime factors of s.
7
Let p = -5 - -6. What are the prime factors of p/2*(26 + 8)?
17
Suppose -3*t + 0*t = -54. Suppose -3*p + 5*p = t. List the prime factors of p.
3
Let j be 2/(-8) + 109/4. Suppose 2*r + r = -j. List the prime factors of (-6)/(1*r/6).
2
Suppose -o - 1 = 3*g - g, -4*o + 14 = 2*g. What are the prime factors of g/(-1) + (1 - -1)?
5
Let h = -3 + 5. Suppose -2*u + h = -4*x - 10, u + 2 = -2*x. What are the prime factors of u?
2
List the prime factors of (220/6)/(4/6).
5, 11
Suppose 0 = 4*r - 0*r - 56. List the prime factors of r.
2, 7
What are the prime factors of (9/15)/(2/130)?
3, 13
Suppose 2*n + 8 - 80 = 0. What are the prime factors of n?
2, 3
Let w(b) = b**3 - 4*b**2 + 5*b - 4. List the prime factors of w(6).
2, 7
Suppose 2*c - 4*c + s = -3, 2*s = 5*c - 8. Suppose 0 = -u + c*u + 5*l - 29, -5*u - 4*l = -40. List the prime factors of 6 + 1 + u + -5.
2, 3
Let s(z) = -z**3 + z**2 - z + 2. Let o be s(-2). Let n = -7 + o. List the prime factors of n.
3
Suppose -4*t - 2*v + 4 = -12, 4*v = -t - 10. Let z be t*1/(9/(-33)). Let q = z - -33. What are the prime factors of q?
11
Let n(b) = -5*b**3 - 4*b**2 - 12*b - 5. List the prime factors of n(-3).
2, 5, 13
Let l be (1/(-2))/((-3)/(-294)). Let m = l + 88. What are the prime factors of m?
3, 13
Suppose -4*c - 4*q + 24 = -5*q, -5*q + 20 = 0. What are the prime factors of c?
7
Let o(c) = -c**3 + 12*c**2 - 14*c + 10. What are the prime factors of o(9)?
127
Let u(v) = v - 7. Let r be u(9). Suppose 5*m - r*y = 22, -5*m + 4*y + 26 = 3*y. List the prime factors of m.
2, 3
Let o(s) = -s**2 + 1. Let j(g) = 2*g**2 + g - 3. Let w(n) = -2*j(n) - 6*o(n). What are the prime factors of w(2)?
2
Let q(f) = f**2 + 7*f + 10. Let s(y) = -y**2 + y + 1. Let w(m) = q(m) + 2*s(m). List the prime factors of w(9).
2, 3
Let y(x) = x - 1. Let j be y(4). Suppose 4*z = j*d + 2 + 13, 3*z - 2*d = 11. Suppose 0 = -z*i + i + 18. List the prime factors of i.
3
Suppose -g = 4*j + 12, 0 = g + 2*g - j - 3. Suppose 4*r + 2 = 14. Suppose g*t + t + 11 = -5*d, 5*t + r*d = 11. What are the prime factors of t?
2
Let y(w) = -w**3 - 13*w**2 + 3*w - 32. List the prime factors of y(-14).
2, 61
Let l be 4*1 + 6/3. Let p(a) = 2*a - 8. Let w be p(l). List the prime factors of 45/6 + (-2)/w.
7
Let w be 3/(12/11)*4. Let o be 2*2 - (-5 + -10). Let d = o - w. List the prime factors of d.
2
Let x(r) = r + 5. Let a(z) = -1. Let v(k) = -2. Let i(j) = 5*a(j) - 2*v(j). Let w(c) = -6*i(c) + x(c). What are the prime factors of w(0)?
11
Let g(i) = 3*i**3 - 2*i**2 - 5*i - 20. What are the prime factors of g(5)?
2, 5, 7
Suppose -498 = 12*j - 4338. What are the prime factors of j?
2, 5
Let o(a) = 4*a. Let j be o(1). Suppose -6 - 15 = 5*h + 2*z, 0 = -3*h - 5*z - 24. What are the prime factors of ((-6)/2)/(h/j)?
2
Let j be ((-10)/(-3))/((-2)/(-3)). Suppose -2*i + 2*c + 18 = -0*i, 0 = -i - j*c + 15. Suppose -y - 10 = -3*y, -3*h + y + i = 0. List the prime factors of h.
5
Let t = 3 - 0. Let u(p) = p**2 - 5*p - 1. Let m(i) = -2*i**2 + 4*i + 2. Let s(l) = t*u(l) + 2*m(l). List the prime factors of s(-5).
11
Suppose g + 8 = -2*g + 2*m, -g + 2*m = 0. Let k(x) = x**3 - 6*x. Let b(i) = -i**3 - i**2 + 5*i. Let t(n) = 3*b(n) + 2*k(n). List the prime factors of t(g).
2
Suppose -5*t = 5*v - 35, -3*v = 2*t - 14 - 2. Suppose -k = v*k - 63. What are the prime factors of k?
3, 7
Suppose 0 = 3*t - 8*t + 5. Let a(c) = 39*c**2 - c. Let r be a(t). Suppose 4*u + 27 + r = 5*x, -2*x = 4*u + 2. List the prime factors of x.
3
Let p(c) = 13*c + 7. What are the prime factors of p(6)?
5, 17
List the prime factors of (56/10)/(16/200).
2, 5, 7
Let t be (1 - 10)*(1 + -2). Let u be 15/(-6)*4/(-5). Suppose k - t + u = 0. List the prime factors of k.
7
List the prime factors of 194*(-4)/(4*-2).
97
Suppose -10*w = -6*w - 64. What are the prime factors of w?
2
Suppose -2*l = 4*s + 2, -5 = -2*s + 3*l + 14. Let k(v) = -v**3 + 5*v**2 - 1. Let n(y) = y**2. Let q(c) = -k(c) + 4*n(c). What are the prime factors of q(s)?
5
Let m = -12 - -36. List the prime factors of m.
2, 3
Suppose p + 2*t = 7 + 6, -t = -2. Let k(n) = -7 - n - 2*n**3 + p + n**3. What are the prime factors of k(0)?
2
Suppose -5*v + 25 = 0, 4*d - 3*v + 16 = -3. Let u be -2*(-3)/(-6) - d. Suppose -56 = -u*y - 4*y. What are the prime factors of y?
2, 7
Suppose 4*n - 3*s = 794, 3*n - n - 396 = 2*s. Suppose -n = -c - 3*c. Suppose 2*t - k + c = 5*t, -4*k - 56 = -4*t. List the prime factors of t.
2
Let h = -9 + 11. Suppose -p = -5*o - 10 - h, 3*p - 64 = o. Let n = 35 - p. What are the prime factors of n?
13
Let h(w) = w**3 - 5*w**2 + 5*w + 1. Let n be h(4). Suppose n*o = u - 12, 0 = u - 2*u + 4*o + 12. What are the prime factors of u?
2, 3
Let d be ((-2)/(-1) + -2)*-1. Suppose -4*z = -3*n + 352, 3*z - 2*n + 4*n + 281 = d. List the prime factors of z/(-28) - (-2)/(-8).
3
List the prime factors of (-1)/((-1254)/417 - (-11 + 8)).
139
Let c(z) = -3*z**2 - z + 5. Let u be c(-5). Let d = u + 102. List the prime factors of d.
37
Suppose 3*z - f - 2 = 4*z, 5*z + 2 = -f. List the prime factors of 2 + z + -5 + 22.
19
Suppose 5*k - 165 = 3*b, 2*k - 2*b = -5*b + 45. What are the prime factors of k?
2, 3, 5
Let h = 204 - 51. List the prime factors of h.
3, 17
Let p be -1*(2 + (2 - -2)). Let n = p - -9. Suppose -n*o = -19 - 8. What are the prime factors of o?
3
Suppose -3*o - 42 = -6*o. List the prime factors of (-4)/o + 642/42.
3, 5
Suppose -3*r + 5*w = -598, -3*r + 563 = -0*r + 2*w. List the prime factors of r.
191
Let s = -8 - -6. Suppose -3 + 5 = 2*b. What are the prime factors of b/((-1)/s) + 4?
2, 3
Suppose 0 = -3*m - m + 48. Suppose -5*j - 4*d = -20, 3*d - 7*d + m = 4*j. What are the prime factors of j?
2
Let b(n) = -n + 13. Let m(k) = -k + 12. Let g(u) = -6*b(u) + 7*m(u). Let h be g(4). What are the prime factors of 1/(-1)*h + 13?
11
Suppose 3*k + 5 = -7. Let c be (-22)/18 - k/18. What are the prime factors of 8*1 + 1 + c?
2
Suppose 0 = 7*a - 3*a. Suppose -4*n = -q + 3*q - 42, a = 4*q + n - 77. What are the prime factors of q?
19
Suppose 76 = 5*i - 4*c - 0*c, -c = -5*i + 64. Suppose -w + i = w. What are the prime factors of w?
2, 3
Suppose -2 = j + 22. Let f = j + 35. What are the prime factors of f?
11
Suppose 3*g - 5 = 4. Let u be ((g + -9)*-2)/1. Let j = 29 - u. What are the prime factors of j?
17
Let q = -6 - -5. Let r be -10*q/2 - 0. Suppose -p - 31 = -2*p - 5*n, -63 = -3*p - r*n. List